t of 848628058?
8
What is the billions digit of 1407788820?
1
What is the thousands digit of 89201789?
1
What is the hundreds digit of 76422599?
5
What is the hundred millions digit of 6428895702?
4
What is the ten thousands digit of 41129671?
2
What is the ten millions digit of 45340188?
4
What is the ten millions digit of 176024183?
7
What is the thousands digit of 346762281?
2
What is the thousands digit of 289479750?
9
What is the millions digit of 35978878?
5
What is the ten millions digit of 113267515?
1
What is the millions digit of 692360796?
2
What is the ten thousands digit of 124013107?
1
What is the ten thousands digit of 86919060?
1
What is the millions digit of 148092988?
8
What is the hundred millions digit of 4700331439?
7
What is the units digit of 76872894?
4
What is the thousands digit of 754631761?
1
What is the units digit of 334812820?
0
What is the ten thousands digit of 165955730?
5
What is the thousands digit of 1669435245?
5
What is the tens digit of 4661922?
2
What is the hundreds digit of 250561369?
3
What is the ten thousands digit of 178089233?
8
What is the ten millions digit of 428548755?
2
What is the tens digit of 74000275?
7
What is the ten thousands digit of 1319181132?
8
What is the millions digit of 2066131907?
6
What is the ten thousands digit of 3879538183?
3
What is the hundreds digit of 395833295?
2
What is the millions digit of 253179717?
3
What is the hundred thousands digit of 60730895?
7
What is the ten millions digit of 261963936?
6
What is the tens digit of 5076795239?
3
What is the hundred thousands digit of 501958531?
9
What is the thousands digit of 40849028?
9
What is the tens digit of 382690756?
5
What is the thousands digit of 423311092?
1
What is the hundred thousands digit of 318386871?
3
What is the ten thousands digit of 1119230512?
3
What is the hundreds digit of 142583565?
5
What is the hundred thousands digit of 287881047?
8
What is the hundred thousands digit of 119772526?
7
What is the ten thousands digit of 523119607?
1
What is the hundred thousands digit of 52859930?
8
What is the thousands digit of 335800456?
0
What is the ten millions digit of 266582072?
6
What is the ten millions digit of 73795267?
7
What is the hundred millions digit of 318344877?
3
What is the hundred millions digit of 137964151?
1
What is the units digit of 325918591?
1
What is the billions digit of 2182025023?
2
What is the hundred millions digit of 206324351?
2
What is the ten thousands digit of 4088528?
8
What is the thousands digit of 853787644?
7
What is the hundred millions digit of 700939535?
7
What is the hundred thousands digit of 247262319?
2
What is the tens digit of 1636674477?
7
What is the billions digit of 1918848902?
1
What is the units digit of 424821080?
0
What is the billions digit of 4160403219?
4
What is the thousands digit of 1200624095?
4
What is the units digit of 91536710?
0
What is the units digit of 422818233?
3
What is the hundreds digit of 23873114?
1
What is the thousands digit of 224226432?
6
What is the hundred millions digit of 168439747?
1
What is the hundred thousands digit of 110911167?
9
What is the ten millions digit of 3011954450?
1
What is the hundred thousands digit of 2096834744?
8
What is the hundred thousands digit of 2187698936?
6
What is the ten millions digit of 109410347?
0
What is the millions digit of 131220459?
1
What is the hundreds digit of 44305039?
0
What is the hundreds digit of 57374213?
2
What is the hundred millions digit of 245305887?
2
What is the ten millions digit of 2064912301?
6
What is the hundred millions digit of 535609052?
5
What is the thousands digit of 4927932?
7
What is the hundred thousands digit of 3768724?
7
What is the tens digit of 148794959?
5
What is the thousands digit of 4302046533?
6
What is the ten millions digit of 14500268?
1
What is the tens digit of 42312854?
5
What is the tens digit of 5230250?
5
What is the tens digit of 69670515?
1
What is the millions digit of 2900173735?
0
What is the units digit of 40742402?
2
What is the hundreds digit of 48561082?
0
What is the ten thousands digit of 102465035?
6
What is the ten millions digit of 1876532338?
7
What is the thousands digit of 5397689973?
9
What is the units digit of 70168818?
8
What is the ten thousands digit of 468537952?
3
What is the units digit of 25958501?
1
What is the hundreds digit of 1033816819?
8
What is the tens digit of 121657613?
1
What is the hundred thousands digit of 745404250?
4
What is the hundred thousands digit of 7240107914?
1
What is the hundred millions digit of 4443956746?
4
What is the tens digit of 429461992?
9
What is the hundreds digit of 220984525?
5
What is the ten thousands digit of 49026657?
2
What is the tens digit of 1965140228?
2
What is the millions digit of 39042861?
9
What is the hundreds digit of 4629002?
0
What is the thousands digit of 34717910?
7
What is the billions digit of 1089367402?
1
What is the hundreds digit of 532972604?
6
What is the thousands digit of 299021903?
1
What is the thousands digit of 59647602?
7
What is the hundreds digit of 742744019?
0
What is the units digit of 1230947524?
4
What is the ten thousands digit of 427824394?
2
What is the millions digit of 2985249905?
5
What is the tens digit of 36685106?
0
What is the units digit of 340177660?
0
What is the ten millions digit of 1749019279?
4
What is the millions digit of 1957483?
1
What is the thousands digit of 328277733?
7
What is the ten thousands digit of 60634529?
3
What is the thousands digit of 597678435?
8
What is the hundred thousands digit of 12562058?
5
What is the ten millions digit of 27448916?
2
What is the tens digit of 412677619?
1
What is the hundred thousands digit of 250459729?
4
What is the tens digit of 21925743?
4
What is the millions digit of 2566453741?
6
What is the hundreds digit of 1506747429?
4
What is the thousands digit of 1812883979?
3
What is the tens digit of 1396539420?
2
What is the hundreds digit of 125281932?
9
What is the thousands digit of 32127236?
7
What is the tens digit of 10586716?
1
What is the hundred thousands digit of 55524151?
5
What is the ten thousands digit of 5106874029?
7
What is the ten millions digit of 47039705?
4
What is the tens digit of 601704581?
8
What is the millions digit of 7493079?
7
What is the thousands digit of 31362594?
2
What is the ten millions digit of 5579471082?
7
What is the tens digit of 354140144?
4
What is the tens digit of 55994492?
9
What is the hundreds digit of 8350126119?
1
What is the ten thousands digit of 321908314?
0
What is the ten thousands digit of 1032634448?
3
What is the millions digit of 99123085?
9
What is the thousands digit of 5858208?
8
What is the hundreds digit of 22249388?
3
What is the ten thousands digit of 9972775?
7
What is the hundred thousands digit of 2190869592?
8
What is the tens digit of 1353375318?
1
What is the units digit of 636873463?
3
What is the ten thousands digit of 8928018?
2
What is the hundred thousands digit of 149368620?
3
What is the hundred millions digit of 598875132?
5
What is the ten thousands digit of 93835888?
3
What is the ten thousands digit of 97730381?
3
What is the thousands digit of 442427877?
7
What is the millions digit of 69875593?
9
What is the thousands digit of 247370427?
0
What is the units digit of 82678760?
0
What is the ten thousands digit of 55637841?
3
What is the ten millions digit of 42692307?
4
What is the hundreds digit of 1744213319?
3
What is the ten millions digit of 89599174?
8
What is the millions digit of 104065307?
4
What is the thousands digit of 320166774?
6
What is the hundred thousands digit of 71002936?
0
What is the units digit of 1755478151?
1
What is the millions digit of 80761747?
0
What is the ten millions digit of 89782181?
8
What is the hundred thousands digit of 267024133?
0
What is the hundreds digit of 1954702628?
6
What is the units digit of 1944191451?
1
What is the millions digit of 303117836?
3
What is the tens digit of 242511176?
7
What is the millions digit of 82485591?
2
What is the hundred thousands digit of 4207772?
2
What is the hundred thousands digit of 432767564?
7
What is the units digit of 32864681?
1
What is the hundreds digit of 399825958?
9
What is the hun